10682?
True
Is 5 a factor of 253?
False
Is 37 a factor of 37407?
True
Does 112 divide 23296?
True
Does 46 divide 1691?
False
Is 14017 a multiple of 13?
False
Does 18 divide 198?
True
Is 16 a factor of 416?
True
Is 1544 a multiple of 12?
False
Does 26 divide 900?
False
Is 11 a factor of 1242?
False
Does 12 divide 228?
True
Is 9 a factor of 9696?
False
Is 2152 a multiple of 31?
False
Is 2856 a multiple of 28?
True
Is 5 a factor of 1826?
False
Is 20124 a multiple of 258?
True
Is 1472 a multiple of 23?
True
Does 77 divide 5467?
True
Does 4 divide 210?
False
Is 75 a factor of 11342?
False
Is 8921 even?
False
Does 49 divide 7693?
True
Does 93 divide 610?
False
Does 3 divide 29?
False
Is 2310 a multiple of 55?
True
Is 1287 a multiple of 20?
False
Is 54 a factor of 3078?
True
Does 15 divide 95046?
False
Does 18 divide 4470?
False
Is 7872 a multiple of 32?
True
Is 5974 a multiple of 103?
True
Does 20 divide 10740?
True
Is 3172 a multiple of 4?
True
Is 1194 a multiple of 19?
False
Is 6 a factor of 153?
False
Is 8 a factor of 4191?
False
Is 15 a factor of 10410?
True
Is 94 a factor of 11750?
True
Does 23 divide 575?
True
Is 19133 a multiple of 89?
False
Is 57440 a multiple of 37?
False
Is 28 a factor of 1512?
True
Is 33768 a multiple of 252?
True
Does 7 divide 1904?
True
Is 10062 a multiple of 234?
True
Does 26 divide 37206?
True
Is 410 a multiple of 41?
True
Is 58 a factor of 67?
False
Is 33 a factor of 361?
False
Is 2426 a multiple of 5?
False
Is 10 a factor of 1685?
False
Is 54 a factor of 594?
True
Is 8225 a multiple of 35?
True
Is 20 a factor of 84634?
False
Is 525 a multiple of 5?
True
Is 8 a factor of 2955?
False
Is 14 a factor of 1040?
False
Does 10 divide 344?
False
Is 15349 a multiple of 98?
False
Does 5 divide 357?
False
Is 1842 a multiple of 6?
True
Does 38 divide 1725?
False
Is 2 a factor of 153?
False
Is 485 a multiple of 6?
False
Does 96 divide 11232?
True
Is 17979 a multiple of 39?
True
Does 24 divide 2328?
True
Is 18 a factor of 5166?
True
Is 10 a factor of 1205?
False
Does 6 divide 108?
True
Is 4842 a multiple of 14?
False
Does 33 divide 5181?
True
Is 129 a factor of 71079?
True
Is 7 a factor of 6488?
False
Is 5401 a multiple of 22?
False
Is 55843 a multiple of 79?
False
Is 65258 a multiple of 67?
True
Does 237 divide 44932?
False
Does 17 divide 5915?
False
Is 312 a multiple of 8?
True
Is 1645 a multiple of 47?
True
Is 61 a factor of 1647?
True
Does 22 divide 340?
False
Is 1032 a multiple of 102?
False
Does 181 divide 8507?
True
Does 20 divide 35967?
False
Does 17 divide 1258?
True
Is 3504 a multiple of 10?
False
Is 13123 a multiple of 11?
True
Is 8295 a multiple of 30?
False
Is 19 a factor of 76?
True
Is 442 a multiple of 17?
True
Is 10730 a multiple of 74?
True
Is 600 a multiple of 60?
True
Is 147 a multiple of 7?
True
Does 27 divide 71058?
False
Is 817 a multiple of 43?
True
Does 33 divide 36411?
False
Does 9 divide 546?
False
Is 14 a factor of 70?
True
Is 7 a factor of 7704?
False
Is 15 a factor of 929?
False
Is 16487 a multiple of 38?
False
Is 4973 a multiple of 5?
False
Is 312 a factor of 85640?
False
Is 119 a factor of 2301?
False
Does 12 divide 2046?
False
Is 100 a multiple of 25?
True
Is 660 a multiple of 68?
False
Is 3 a factor of 17?
False
Does 7 divide 1756?
False
Does 22 divide 1342?
True
Is 387 a multiple of 9?
True
Is 1300 a multiple of 86?
False
Is 59 a factor of 5487?
True
Is 2842 a multiple of 21?
False
Is 282 a multiple of 12?
False
Is 37 a factor of 6253?
True
Is 680 a multiple of 11?
False
Is 104 even?
True
Is 129 a factor of 22059?
True
Does 159 divide 44838?
True
Does 26 divide 79160?
False
Does 86 divide 14190?
True
Is 374 a multiple of 12?
False
Is 18 a factor of 8622?
True
Is 6 a factor of 36?
True
Is 8 a factor of 1888?
True
Is 47 a factor of 5405?
True
Does 52 divide 48724?
True
Is 26 a factor of 1108?
False
Is 26 a factor of 45864?
True
Is 189 a multiple of 7?
True
Is 1099 a multiple of 74?
False
Is 26 a multiple of 26?
True
Does 41 divide 8282?
True
Is 40377 a multiple of 43?
True
Is 1731 a multiple of 17?
False
Is 395 a multiple of 4?
False
Is 268 a multiple of 3?
False
Does 11 divide 11105?
False
Is 2700 a multiple of 45?
True
Is 16 a factor of 19248?
True
Is 24596 a multiple of 13?
True
Is 3 a factor of 81?
True
Does 16 divide 276?
False
Does 5 divide 4968?
False
Does 11 divide 26532?
True
Is 970 a multiple of 22?
False
Is 722 a multiple of 19?
True
Is 23 a factor of 2361?
False
Is 8 a factor of 2179?
False
Does 47 divide 13626?
False
Does 14 divide 1638?
True
Does 324 divide 47432?
False
Is 28 a factor of 117?
False
Does 115 divide 39905?
True
Is 448 a multiple of 8?
True
Does 7 divide 9563?
False
Is 201 a multiple of 94?
False
Is 301 a multiple of 5?
False
Does 5 divide 698?
False
Does 17 divide 23001?
True
Is 918 a multiple of 39?
False
Is 95172 a multiple of 21?
True
Is 14 a factor of 1624?
True
Does 92 divide 12604?
True
Is 21375 a multiple of 285?
True
Does 31 divide 744?
True
Is 24 a factor of 2755?
False
Does 130 divide 58240?
True
Does 25 divide 12862?
False
Does 12 divide 677?
False
Does 11 divide 59205?
False
Does 15 divide 1665?
True
Is 1328 a multiple of 8?
True
Is 454 a multiple of 15?
False
Is 7814 a multiple of 98?
False
Is 4 a factor of 6556?
True
Is 15 a factor of 2048?
False
Does 39 divide 16006?
False
Is 10197 a multiple of 103?
True
Does 36 divide 501?
False
Does 6 divide 4800?
True
Is 8 a factor of 12478?
False
Is 500 a multiple of 5?
True
Is 23 a factor of 1173?
True
Does 15 divide 1146?
False
Is 101 a factor of 4963?
False
Is 702 a multiple of 18?
True
Does 128 divide 27392?
True
Is 3 a factor of 278?
False
Is 23 a factor of 22161?
False
Is 85 a factor of 16612?
False
Is 240 a multiple of 60?
True
Does 119 divide 1904?
True
Does 10 divide 2301?
False
Is 332 a multiple of 7?
False
Is 66 a factor of 660?
True
Is 18 a factor of 25398?
True
Does 25 divide 86700?
True
Is 114 a factor of 2736?
True
Is 16 a multiple of 4?
True
Is 7 a factor of 388?
False
Is 3 a factor of 123?
True
Is 25 a factor of 1300?
True
Is 94 a factor of 1974?
True
Does 119 divide 642?
False
Is 64 a multiple of 32?
True
Does 42 divide 14070?
True
Is 504 a multiple of 17?
False
Is 292 a multiple of 21?
False
Is 83 a factor of 1079?
True
Is 26 a factor of 610?
False
Does 42 divide 6499?
False
Does 9 divide 16?
False
Is 3 a factor of 137?
False
Is 61356 a multiple of 88?
False
Is 15631 a multiple of 11?
True
Is 2310 a multiple of 10?
True
Does 5 divide 66?
False
Is 11 a factor of 2151?
False
Is 415 a multiple of 46?
False
Does 39 divide 4706?
False
Is 10 a factor of 2640?
True
Does 77 divide 561?
False
Is 1397 a multiple of 127?
True
Is 1187 a multiple of 5?
False
Is 34 a factor of 7072?
True
Is 49 a multiple of 10?
False
Is 9150 a multiple of 109?
False
Is 3410 a multiple of 31?
True
Is 70 a factor of 16870?
True
Is 260 a factor of 48620?
True
Does 17 divide 1214?
False
Is 30848 a multiple of 482?
True
Is 14 a factor of 75?
False
Is 12 a factor of 972?
True
Does 19 divide 5719?
True
Is 138 a multiple of 10?
False
Does 16 divide 480?
True
Is 391 a multiple of 3?
False
Is 70 a factor of 264?
False
Does 50 divide 2850?
True
Is 12 a factor of 9960?
True
Is 555 a multiple of 37?
True
Is 2080 a multiple of 9?
False
Is 25 a factor of 12575?
True
Does 35 divide 2490?
False
Is 312 a multiple of 3?
True
Does 26 divide 9568?
True
Is 6 a factor of 180?
True
Does 20 divide 580?
True
Is 325 a multiple of 13?
True
Does 11 divide 143?
True
Is 32 a factor of 576?
True
Does 13 divide 143?
True
Is 14 a factor of 63426?
False
Does 59 divide 2950?
True
Is 275 even?
False
Is 11729 a multiple of 145?
False
Does 104 divide 10512?
False
Is 213 a multiple of 10?
False
Is 33111 a multiple of 32?
False
Is 17 a factor of 3094?
True
Is 7 a factor of 20241?
False
Is 3990 a multiple of 15?
True
Does 44 divide 1496?
True
Is 9744 a multiple of 24?
True
Is 225 a factor of 110925?
True
Is 50 a factor of 100?
True
Does 34 divide 940?
False
Does 70 divide 90285?
False
Does 20 divide 85?
False
Does 11 divide 83?
False
Is 3294 a multiple of 122?
True
Is 10583 a multiple of 174?
False
Does 28 divide 66248?
True
Is 4 a factor of 376?
True
Is 4290 a multiple of 6?
True
Is 9 a factor of 51156?
True
Is 31 a factor of 7408?
False
Is 5544 a multiple of 44?
T